{"id":63,"date":"2026-01-28T11:43:34","date_gmt":"2026-01-28T11:43:34","guid":{"rendered":"https:\/\/reddemultiplicacion.eu\/?page_id=63"},"modified":"2026-04-17T12:58:02","modified_gmt":"2026-04-17T12:58:02","slug":"quienes-somos","status":"publish","type":"page","link":"https:\/\/reddemultiplicacion.eu\/inicio\/quienes-somos\/","title":{"rendered":"Quienes Somos"},"content":{"rendered":"\t\t<div data-elementor-type=\"wp-page\" data-elementor-id=\"63\" class=\"elementor elementor-63\" data-elementor-post-type=\"page\">\n\t\t\t\t<div class=\"elementor-element elementor-element-0ec6c17 e-grid hostinger-ai-background-image e-con-boxed e-con e-parent\" data-id=\"0ec6c17\" data-element_type=\"container\" data-settings=\"{&quot;background_background&quot;:&quot;classic&quot;}\">\n\t\t\t\t\t<div class=\"e-con-inner\">\n\t\t<div class=\"elementor-element elementor-element-fedf9d8 e-con-full e-flex e-con e-child\" data-id=\"fedf9d8\" data-element_type=\"container\">\n\t\t\t\t<div class=\"elementor-element elementor-element-a173f4a hostinger-ai-title elementor-widget elementor-widget-heading\" data-id=\"a173f4a\" data-element_type=\"widget\" data-widget_type=\"heading.default\">\n\t\t\t\t\t<h1 class=\"elementor-heading-title elementor-size-default\">Quienes Somos<\/h1>\t\t\t\t<\/div>\n\t\t\t\t<\/div>\n\t\t\t\t\t<\/div>\n\t\t\t\t<\/div>\n\t\t<div class=\"elementor-element elementor-element-cba2c57 e-flex e-con-boxed e-con e-parent\" data-id=\"cba2c57\" data-element_type=\"container\">\n\t\t\t\t\t<div class=\"e-con-inner\">\n\t\t\t\t<div class=\"elementor-element elementor-element-4dcfc39 elementor-widget elementor-widget-html\" data-id=\"4dcfc39\" data-element_type=\"widget\" data-widget_type=\"html.default\">\n\t\t\t\t\t<section class=\"rm2 rm2-fe\">\n  <style>\n    .rm2-fe{\n      --navy:#0A2F54;\n      --bg:#f4f7fb;\n      --card:#ffffff;\n      --muted:rgba(10,47,84,.78);\n      --border:rgba(10,47,84,.08);\n      --shadow:0 12px 28px rgba(0,0,0,.07);\n      --radius:16px;\n      background:var(--bg);\n      padding:60px 20px; \/* un poco m\u00e1s corto *\/\n      font-family: system-ui, -apple-system, Segoe UI, Roboto, Arial, sans-serif;\n    }\n    .rm2-fe .wrap{max-width:1100px;margin:0 auto;}\n\n    .rm2-fe .panel{\n      background:var(--card);\n      border:1px solid var(--border);\n      border-radius:var(--radius);\n      box-shadow:var(--shadow);\n      overflow:hidden;\n      display:flex;\n      flex-wrap:wrap;\n      align-items:stretch;\n      opacity:0;\n      transform: translateY(10px);\n      animation: rm2feIn .7s ease forwards;\n    }\n\n    \/* Imagen lateral (m\u00e1s centrada y sin forzar altura) *\/\n    .rm2-fe .side{\n      flex:1 1 40%;\n      min-height:100%;\n      position:relative;\n      background:\n        url('https:\/\/reddemultiplicacion.eu\/wp-content\/uploads\/2026\/01\/IMG_7629-scaled-e1769640494255.jpg')\n        center 40% \/ cover no-repeat;\n    }\n    .rm2-fe .side:before{\n      content:\"\";\n      position:absolute; inset:0;\n      background:linear-gradient(180deg, rgba(10,47,84,.08) 0%, rgba(10,47,84,.35) 100%);\n    }\n\n    .rm2-fe .content{\n      flex:1 1 60%;\n      padding:40px 38px; \/* un poco m\u00e1s compacto *\/\n      display:flex;\n      flex-direction:column;\n      gap:16px;\n    }\n\n    .rm2-fe .label{\n      margin:0 0 8px;\n      color:var(--muted);\n      letter-spacing:.18em;\n      text-transform:uppercase;\n      font-weight:800;\n      font-size:.78rem;\n    }\n    .rm2-fe .title{\n      margin:0;\n      color:var(--navy);\n      font-weight:900;\n      font-size:1.5rem;\n      line-height:1.2;\n    }\n    .rm2-fe .text{\n      margin:0;\n      color:var(--muted);\n      font-size:1.02rem;\n      line-height:1.7;\n      max-width:720px;\n    }\n\n    .rm2-fe .divider{\n      height:1px;\n      background:var(--border);\n      margin:8px 0 4px;\n      width:100%;\n    }\n\n    @keyframes rm2feIn{\n      to{opacity:1;transform:translateY(0);}\n    }\n\n    @media (prefers-reduced-motion: reduce){\n      .rm2-fe .panel{animation:none;opacity:1;transform:none;}\n    }\n\n    @media (max-width: 980px){\n      .rm2-fe .content{padding:32px 22px;}\n      .rm2-fe .side{min-height:320px;}\n    }\n  <\/style>\n\n  <div class=\"wrap\">\n    <div class=\"panel\">\n      <div class=\"side\" aria-hidden=\"true\"><\/div>\n\n      <div class=\"content\">\n        <p class=\"label\">Qui\u00e9nes somos<\/p>\n        <h3 class=\"title\">Red de Multiplicaci\u00f3n Europa<\/h3>\n\n        <div class=\"divider\"><\/div>\n\n        <p class=\"text\">\n          <strong>Red de Multiplicaci\u00f3n<\/strong> capacita a l\u00edderes locales que ya conocen su cultura, su idioma y sus redes\n          sociales, permiti\u00e9ndoles compartir el Evangelio de una manera m\u00e1s eficaz.\n        <\/p>\n\n        <p class=\"text\">\n          Somos una <strong>organizaci\u00f3n sin \u00e1nimo de lucro<\/strong> que equipa a l\u00edderes con herramientas y recursos para\n          fortalecer y multiplicar iglesias saludables.\n        <\/p>\n\n        <p class=\"text\">\n          Lo hacemos mediante formaciones adaptables al contexto cultural donde se imparten y ofreciendo materiales\n          reproducibles f\u00e1cilmente en todo el mundo.\n        <\/p>\n      <\/div>\n    <\/div>\n  <\/div>\n<\/section>\n\t\t\t\t<\/div>\n\t\t\t\t\t<\/div>\n\t\t\t\t<\/div>\n\t\t<div class=\"elementor-element elementor-element-712b8a4 e-flex e-con-boxed e-con e-parent\" data-id=\"712b8a4\" data-element_type=\"container\">\n\t\t\t\t\t<div class=\"e-con-inner\">\n\t\t\t\t<div class=\"elementor-element elementor-element-5cd74f3 elementor-widget-divider--view-line_icon elementor-view-default elementor-widget-divider--element-align-center elementor-widget elementor-widget-divider\" data-id=\"5cd74f3\" data-element_type=\"widget\" data-widget_type=\"divider.default\">\n\t\t\t\t\t\t\t<div class=\"elementor-divider\">\n\t\t\t<span class=\"elementor-divider-separator\">\n\t\t\t\t\t\t\t<div class=\"elementor-icon elementor-divider__element\">\n\t\t\t\t\t<svg aria-hidden=\"true\" class=\"e-font-icon-svg e-fas-bible\" viewBox=\"0 0 448 512\" xmlns=\"http:\/\/www.w3.org\/2000\/svg\"><path d=\"M448 358.4V25.6c0-16-9.6-25.6-25.6-25.6H96C41.6 0 0 41.6 0 96v320c0 54.4 41.6 96 96 96h326.4c12.8 0 25.6-9.6 25.6-25.6v-16c0-6.4-3.2-12.8-9.6-19.2-3.2-16-3.2-60.8 0-73.6 6.4-3.2 9.6-9.6 9.6-19.2zM144 144c0-8.84 7.16-16 16-16h48V80c0-8.84 7.16-16 16-16h32c8.84 0 16 7.16 16 16v48h48c8.84 0 16 7.16 16 16v32c0 8.84-7.16 16-16 16h-48v112c0 8.84-7.16 16-16 16h-32c-8.84 0-16-7.16-16-16V192h-48c-8.84 0-16-7.16-16-16v-32zm236.8 304H96c-19.2 0-32-12.8-32-32s16-32 32-32h284.8v64z\"><\/path><\/svg><\/div>\n\t\t\t\t\t\t<\/span>\n\t\t<\/div>\n\t\t\t\t\t\t<\/div>\n\t\t\t\t\t<\/div>\n\t\t\t\t<\/div>\n\t\t<div class=\"elementor-element elementor-element-e753eda e-grid hostinger-ai-background-image e-con-boxed e-con e-parent\" data-id=\"e753eda\" data-element_type=\"container\" data-settings=\"{&quot;background_background&quot;:&quot;classic&quot;}\">\n\t\t\t\t\t<div class=\"e-con-inner\">\n\t\t<div class=\"elementor-element elementor-element-882acff e-con-full e-flex e-con e-child\" data-id=\"882acff\" data-element_type=\"container\">\n\t\t\t\t<div class=\"elementor-element elementor-element-f387049 hostinger-ai-title elementor-widget elementor-widget-heading\" data-id=\"f387049\" data-element_type=\"widget\" data-widget_type=\"heading.default\">\n\t\t\t\t\t<h1 class=\"elementor-heading-title elementor-size-default\">Visi\u00f3n Estrat\u00e9gica 2026<\/h1>\t\t\t\t<\/div>\n\t\t\t\t<\/div>\n\t\t\t\t\t<\/div>\n\t\t\t\t<\/div>\n\t\t<div class=\"elementor-element elementor-element-d936935 e-flex e-con-boxed e-con e-parent\" data-id=\"d936935\" data-element_type=\"container\">\n\t\t\t\t\t<div class=\"e-con-inner\">\n\t\t\t\t<div class=\"elementor-element elementor-element-dc76a65 elementor-widget elementor-widget-html\" data-id=\"dc76a65\" data-element_type=\"widget\" data-widget_type=\"html.default\">\n\t\t\t\t\t<section style=\"padding:60px 20px;background:#f4f7fb;\">\n  <div style=\"\n    max-width:1100px;\n    margin:auto;\n    background:#ffffff;\n    border-radius:12px;\n    box-shadow:0 10px 30px rgba(0,0,0,0.06);\n    overflow:hidden;\n  \">\n\n    <!-- MISMO BLOQUE, SIN row-reverse -->\n    <div style=\"\n      display:flex;\n      flex-wrap:wrap;\n      align-items:stretch;\n    \">\n\n      <!-- Imagen (ahora a la IZQUIERDA, todo lo dem\u00e1s igual) -->\n      <div style=\"\n        flex:1 1 45%;\n        min-height:320px;\n        background:url('https:\/\/reddemultiplicacion.eu\/wp-content\/uploads\/2026\/01\/MAPA-ESPANA.jpeg') center center \/ cover no-repeat;\n      \"><\/div>\n\n      <!-- Texto (id\u00e9ntico) -->\n      <div style=\"flex:1 1 55%;padding:40px 35px;\">\n\n        <h2 style=\"\n          color:#0A2F54;\n          font-size:1.75rem;\n          margin-top:0;\n          margin-bottom:20px;\n          text-align:left;\n        \"\n        <\/h2>\n\n        <p style=\"font-size:1.05rem;line-height:1.7;color:#0A2F54;margin-bottom:18px;\">\n            \n            <\/p>\n<p style=\"font-size:1.05rem;line-height:1.7;color:#0A2F54;margin-bottom:18px;\">\n        <strong>Red de Multiplicaci\u00f3n<\/strong> tiene actualmente presencia en m\u00e1s de 55 pa\u00edses<\/strong> a trav\u00e9s de sus\n          <strong>7 centros ministeriales<\/strong> en Am\u00e9rica Latina, \u00c1frica Oriental, \u00c1frica Occidental, Eurasia,\n          Caribe y Estados Unidos, Europa y Asia.\n        <\/p>\n\n        <p style=\"font-size:1.05rem;line-height:1.7;color:#0A2F54;margin-bottom:18px;\">\n          Para finales de <strong>2025<\/strong>, visualizamos el inicio anual de <strong>7.500 iglesias saludables<\/strong>,\n          que se multiplican mediante un ministerio verificable en <strong>60 pa\u00edses<\/strong>.\n        <\/p>\n\n        <p style=\"font-size:1.05rem;line-height:1.7;color:#0A2F54;margin-bottom:0;\">\n          Nuestra <strong>estrategia es clara<\/strong>: cada uno de nuestros <strong>7 centros ministeriales globales<\/strong>\n          experimentar\u00e1 un crecimiento significativo tanto en el n\u00famero de pa\u00edses atendidos como en el n\u00famero de\n          <strong>iglesias saludables y multiplicadoras<\/strong> que se establecen.\n        <\/p>\n\n      <\/div>\n\n    <\/div>\n  <\/div>\n<\/section>\n\t\t\t\t<\/div>\n\t\t\t\t\t<\/div>\n\t\t\t\t<\/div>\n\t\t<div class=\"elementor-element elementor-element-31b82c7 e-flex e-con-boxed e-con e-parent\" data-id=\"31b82c7\" data-element_type=\"container\">\n\t\t\t\t\t<div class=\"e-con-inner\">\n\t\t\t\t<div class=\"elementor-element elementor-element-27ffd83 elementor-widget-divider--view-line_icon elementor-view-default elementor-widget-divider--element-align-center elementor-widget elementor-widget-divider\" data-id=\"27ffd83\" data-element_type=\"widget\" data-widget_type=\"divider.default\">\n\t\t\t\t\t\t\t<div class=\"elementor-divider\">\n\t\t\t<span class=\"elementor-divider-separator\">\n\t\t\t\t\t\t\t<div class=\"elementor-icon elementor-divider__element\">\n\t\t\t\t\t<svg aria-hidden=\"true\" class=\"e-font-icon-svg e-fas-bible\" viewBox=\"0 0 448 512\" xmlns=\"http:\/\/www.w3.org\/2000\/svg\"><path d=\"M448 358.4V25.6c0-16-9.6-25.6-25.6-25.6H96C41.6 0 0 41.6 0 96v320c0 54.4 41.6 96 96 96h326.4c12.8 0 25.6-9.6 25.6-25.6v-16c0-6.4-3.2-12.8-9.6-19.2-3.2-16-3.2-60.8 0-73.6 6.4-3.2 9.6-9.6 9.6-19.2zM144 144c0-8.84 7.16-16 16-16h48V80c0-8.84 7.16-16 16-16h32c8.84 0 16 7.16 16 16v48h48c8.84 0 16 7.16 16 16v32c0 8.84-7.16 16-16 16h-48v112c0 8.84-7.16 16-16 16h-32c-8.84 0-16-7.16-16-16V192h-48c-8.84 0-16-7.16-16-16v-32zm236.8 304H96c-19.2 0-32-12.8-32-32s16-32 32-32h284.8v64z\"><\/path><\/svg><\/div>\n\t\t\t\t\t\t<\/span>\n\t\t<\/div>\n\t\t\t\t\t\t<\/div>\n\t\t\t\t\t<\/div>\n\t\t\t\t<\/div>\n\t\t<div class=\"elementor-element elementor-element-24fb831 e-flex e-con-boxed e-con e-parent\" data-id=\"24fb831\" data-element_type=\"container\">\n\t\t\t\t\t<div class=\"e-con-inner\">\n\t\t\t\t<div class=\"elementor-element elementor-element-00e3807 elementor-widget elementor-widget-html\" data-id=\"00e3807\" data-element_type=\"widget\" data-widget_type=\"html.default\">\n\t\t\t\t\t<section style=\"padding:60px 20px;background:#f4f7fb;\">\n  <div style=\"\n    max-width:1100px;\n    margin:auto;\n    background:#ffffff;\n    border-radius:12px;\n    box-shadow:0 10px 30px rgba(0,0,0,0.06);\n    overflow:hidden;\n  \">\n\n    <!-- CLAVE: row-reverse para que se vea igual pero con imagen a la derecha -->\n    <div style=\"\n      display:flex;\n      flex-wrap:wrap;\n      align-items:stretch;\n      flex-direction:row-reverse;\n    \">\n\n      <!-- Imagen (mantengo el HTML igual que el original) -->\n      <div style=\"\n        flex:1 1 45%;\n        min-height:320px;\n        background:url('https:\/\/reddemultiplicacion.eu\/wp-content\/uploads\/2026\/01\/MAPA-ESPANA.jpeg') center center \/ cover no-repeat;\n      \"><\/div>\n\n      <!-- Texto -->\n      <div style=\"flex:1 1 55%;padding:40px 35px;\">\n\n        <h2 style=\"\n          color:#0A2F54;\n          font-size:1.75rem;\n          margin-top:0;\n          margin-bottom:20px;\n          text-align:left;\n        \">\n          Estrat\u00e9gia\n        <\/h2>\n\n        <p style=\"font-size:1.05rem;line-height:1.7;color:#0A2F54;margin-bottom:18px;\">\n            Habitualmente aplicamos un enfoque de\n          <strong>\u201cformar a los formadores\u201d<\/strong> para denominaciones completas y organizaciones misioneras independientes. Estos grupos se convierten en multiplicadores y, a su vez, capacitan a nuevos plantadores de iglesias dentro de su \u00e1mbito de influencia. Este enfoque nos permite llegar a muchas m\u00e1s personas mediante una<strong>Multiplicaci\u00f3n Estrat\u00e9gica<\/strong>  Unidos, Europa y Asia.\n        <\/p>\n<p style=\"font-size:1.05rem;line-height:1.7;color:#0A2F54;margin-bottom:18px;\">\n        <strong>M\u00e1s Iglesias <\/strong> es un programa modular de plantaci\u00f3n de iglesias con una duraci\u00f3n de un a\u00f1o. Los l\u00edderes emergentes son desafiados a plantar nuevas iglesias mientras reciben formaci\u00f3n en habilidades pr\u00e1cticas y doctrina b\u00edblica b\u00e1sica, acompa\u00f1ados de un proceso de mentor\u00eda y seguimiento.\n\n<\/p>\n<p style=\"font-size:1.05rem;line-height:1.7;color:#0A2F54;margin-bottom:18px;\">\n        <strong>Mejores Iglesias <\/strong> es un proceso de evaluaci\u00f3n dise\u00f1ado para fortalecer a la iglesia local. Comienza con un taller que presenta la importancia de una visi\u00f3n definida b\u00edblicamente. A continuaci\u00f3n, se utiliza la herramienta de diagn\u00f3stico Eval\u00faa la Salud de tu Iglesia para analizar el estado actual y la vitalidad de la iglesia. Como parte de este proceso, se desarrolla posteriormente una planificaci\u00f3n estrat\u00e9gica que ayuda a abrir nuevas oportunidades para seguir alcanzando a las personas con el Evangelio.\n      <\/div>\n\n    <\/div>\n  <\/div>\n<\/section>\n\t\t\t\t<\/div>\n\t\t\t\t\t<\/div>\n\t\t\t\t<\/div>\n\t\t<div class=\"elementor-element elementor-element-87a91d1 e-flex e-con-boxed e-con e-parent\" data-id=\"87a91d1\" data-element_type=\"container\">\n\t\t\t\t\t<div class=\"e-con-inner\">\n\t\t\t\t<div class=\"elementor-element elementor-element-e696e74 elementor-widget-divider--view-line_icon elementor-view-default elementor-widget-divider--element-align-center elementor-widget elementor-widget-divider\" data-id=\"e696e74\" data-element_type=\"widget\" data-widget_type=\"divider.default\">\n\t\t\t\t\t\t\t<div class=\"elementor-divider\">\n\t\t\t<span class=\"elementor-divider-separator\">\n\t\t\t\t\t\t\t<div class=\"elementor-icon elementor-divider__element\">\n\t\t\t\t\t<svg aria-hidden=\"true\" class=\"e-font-icon-svg e-fas-bible\" viewBox=\"0 0 448 512\" xmlns=\"http:\/\/www.w3.org\/2000\/svg\"><path d=\"M448 358.4V25.6c0-16-9.6-25.6-25.6-25.6H96C41.6 0 0 41.6 0 96v320c0 54.4 41.6 96 96 96h326.4c12.8 0 25.6-9.6 25.6-25.6v-16c0-6.4-3.2-12.8-9.6-19.2-3.2-16-3.2-60.8 0-73.6 6.4-3.2 9.6-9.6 9.6-19.2zM144 144c0-8.84 7.16-16 16-16h48V80c0-8.84 7.16-16 16-16h32c8.84 0 16 7.16 16 16v48h48c8.84 0 16 7.16 16 16v32c0 8.84-7.16 16-16 16h-48v112c0 8.84-7.16 16-16 16h-32c-8.84 0-16-7.16-16-16V192h-48c-8.84 0-16-7.16-16-16v-32zm236.8 304H96c-19.2 0-32-12.8-32-32s16-32 32-32h284.8v64z\"><\/path><\/svg><\/div>\n\t\t\t\t\t\t<\/span>\n\t\t<\/div>\n\t\t\t\t\t\t<\/div>\n\t\t\t\t\t<\/div>\n\t\t\t\t<\/div>\n\t\t\t\t<\/div>\n\t\t","protected":false},"excerpt":{"rendered":"<p>Quienes Somos Qui\u00e9nes somos Red de Multiplicaci\u00f3n Europa Red de Multiplicaci\u00f3n capacita a l\u00edderes locales que ya conocen su cultura, su idioma y sus redes sociales, permiti\u00e9ndoles compartir el Evangelio de una manera m\u00e1s eficaz. Somos una organizaci\u00f3n sin \u00e1nimo de lucro que equipa a l\u00edderes con herramientas y recursos para fortalecer y multiplicar iglesias [&hellip;]<\/p>\n","protected":false},"author":1,"featured_media":0,"parent":0,"menu_order":0,"comment_status":"closed","ping_status":"closed","template":"","meta":{"footnotes":""},"class_list":["post-63","page","type-page","status-publish","hentry"],"_hostinger_reach_plugin_has_subscription_block":false,"_hostinger_reach_plugin_is_elementor":false,"_links":{"self":[{"href":"https:\/\/reddemultiplicacion.eu\/inicio\/wp-json\/wp\/v2\/pages\/63","targetHints":{"allow":["GET"]}}],"collection":[{"href":"https:\/\/reddemultiplicacion.eu\/inicio\/wp-json\/wp\/v2\/pages"}],"about":[{"href":"https:\/\/reddemultiplicacion.eu\/inicio\/wp-json\/wp\/v2\/types\/page"}],"author":[{"embeddable":true,"href":"https:\/\/reddemultiplicacion.eu\/inicio\/wp-json\/wp\/v2\/users\/1"}],"replies":[{"embeddable":true,"href":"https:\/\/reddemultiplicacion.eu\/inicio\/wp-json\/wp\/v2\/comments?post=63"}],"version-history":[{"count":82,"href":"https:\/\/reddemultiplicacion.eu\/inicio\/wp-json\/wp\/v2\/pages\/63\/revisions"}],"predecessor-version":[{"id":589,"href":"https:\/\/reddemultiplicacion.eu\/inicio\/wp-json\/wp\/v2\/pages\/63\/revisions\/589"}],"wp:attachment":[{"href":"https:\/\/reddemultiplicacion.eu\/inicio\/wp-json\/wp\/v2\/media?parent=63"}],"curies":[{"name":"wp","href":"https:\/\/api.w.org\/{rel}","templated":true}]}}